or of 6688 and 342?
38
What is the greatest common factor of 2330 and 40?
10
Calculate the highest common divisor of 6976 and 109.
109
What is the greatest common divisor of 10 and 570?
10
What is the highest common factor of 26 and 1274?
26
What is the greatest common divisor of 34 and 48450?
34
Calculate the highest common divisor of 30 and 350.
10
Calculate the greatest common divisor of 120 and 1140.
60
Calculate the highest common factor of 108 and 180.
36
Calculate the highest common divisor of 5526 and 36.
18
What is the greatest common divisor of 6465 and 15?
15
What is the highest common factor of 16 and 208?
16
What is the highest common divisor of 162 and 351?
27
Calculate the greatest common divisor of 376 and 200.
8
What is the greatest common divisor of 260 and 20?
20
Calculate the highest common factor of 270 and 20.
10
Calculate the highest common divisor of 2646 and 108.
54
Calculate the highest common divisor of 273 and 84.
21
What is the greatest common divisor of 368 and 138?
46
Calculate the greatest common divisor of 231 and 264.
33
Calculate the greatest common divisor of 539 and 98.
49
Calculate the greatest common divisor of 3845 and 10.
5
Calculate the greatest common factor of 14 and 3.
1
What is the highest common divisor of 80 and 6112?
16
Calculate the highest common divisor of 4675 and 165.
55
What is the greatest common divisor of 14 and 254?
2
What is the greatest common divisor of 11822 and 23?
23
What is the greatest common divisor of 500 and 520?
20
Calculate the highest common divisor of 504 and 32.
8
Calculate the greatest common divisor of 42 and 1498.
14
What is the greatest common factor of 90 and 1395?
45
Calculate the highest common divisor of 532 and 456.
76
What is the highest common factor of 161 and 7?
7
Calculate the highest common divisor of 10 and 370.
10
What is the greatest common factor of 5434 and 2288?
286
Calculate the highest common factor of 44 and 2761.
11
What is the highest common divisor of 784 and 882?
98
Calculate the greatest common factor of 142 and 4.
2
What is the highest common divisor of 102 and 12?
6
What is the greatest common factor of 61 and 5?
1
What is the highest common divisor of 61 and 1159?
61
What is the highest common factor of 24 and 1272?
24
Calculate the highest common factor of 387 and 9.
9
Calculate the greatest common divisor of 272 and 119.
17
Calculate the highest common factor of 26 and 4667.
13
Calculate the greatest common divisor of 671 and 610.
61
Calculate the greatest common divisor of 69 and 529.
23
Calculate the highest common factor of 531 and 27.
9
Calculate the greatest common divisor of 60 and 48.
12
Calculate the highest common divisor of 1695 and 1065.
15
What is the greatest common divisor of 287 and 560?
7
What is the greatest common factor of 8 and 1384?
8
Calculate the highest common divisor of 25 and 90.
5
What is the greatest common factor of 305 and 5?
5
What is the highest common divisor of 171 and 912?
57
Calculate the greatest common divisor of 25208 and 184.
184
What is the greatest common factor of 31 and 651?
31
Calculate the highest common divisor of 432 and 12.
12
What is the greatest common factor of 8979 and 123?
123
What is the greatest common factor of 106 and 74?
2
Calculate the highest common divisor of 24519 and 11.
11
What is the greatest common divisor of 2301 and 741?
39
What is the highest common divisor of 360 and 2055?
15
What is the highest common factor of 46 and 69?
23
Calculate the highest common factor of 45 and 165.
15
Calculate the highest common divisor of 24 and 348.
12
Calculate the greatest common factor of 32016 and 16.
16
Calculate the highest common divisor of 28 and 24724.
28
Calculate the greatest common divisor of 13 and 91.
13
Calculate the highest common factor of 414 and 18.
18
What is the highest common factor of 99 and 18?
9
Calculate the highest common factor of 741 and 27.
3
What is the highest common factor of 726 and 231?
33
What is the greatest common divisor of 9 and 221?
1
Calculate the greatest common divisor of 230 and 1490.
10
What is the greatest common divisor of 558 and 62?
62
Calculate the greatest common factor of 45 and 117.
9
What is the greatest common factor of 126 and 1974?
42
What is the highest common factor of 96 and 480?
96
Calculate the greatest common factor of 94 and 1457.
47
Calculate the greatest common divisor of 917 and 7.
7
What is the highest common factor of 4316 and 208?
52
Calculate the highest common divisor of 2070 and 45.
45
Calculate the greatest common divisor of 68 and 969.
17
Calculate the greatest common factor of 2240 and 640.
320
What is the greatest common factor of 323 and 34?
17
Calculate the greatest common divisor of 635 and 1016.
127
Calculate the highest common factor of 308 and 1012.
44
Calculate the highest common divisor of 5 and 335.
5
What is the highest common factor of 96 and 336?
48
What is the greatest common factor of 13 and 7319?
13
What is the greatest common factor of 1320 and 360?
120
Calculate the highest common factor of 1420 and 80.
20
What is the highest common divisor of 9844 and 92?
92
Calculate the greatest common divisor of 70 and 80.
10
What is the greatest common divisor of 63 and 36981?
63
Calculate the highest common divisor of 18 and 3573.
9
What is the highest common divisor of 2623 and 3477?
61
What is the greatest common divisor of 225 and 45?
45
What is the greatest common divisor of 7317 and 81?
27
What is the highest common divisor of 52 and 65?
13
Calculate the highest common factor of 3 and 2181.
3
Calculate the greatest common factor of 1107 and 1312.
41
What is the greatest common factor of 63 and 315?
63
Calculate the highest common factor of 2 and 5.
1
Calculate the greatest common factor of 851 and 23.
23
Calculate the highest common divisor of 42 and 231.
21
Calculate the greatest common divisor of 1002 and 6.
6
What is the greatest common divisor of 1817 and 46?
23
What is the highest common divisor of 28 and 287?
7
What is the greatest common divisor of 11749 and 217?
31
Calculate the greatest common factor of 6354 and 2.
2
What is the greatest common divisor of 74 and 1702?
74
Calculate the highest common divisor of 286 and 550.
22
Calculate the highest common factor of 152 and 114.
38
What is the greatest common factor of 22 and 1969?
11
What is the greatest common factor of 23735 and 5?
5
What is the greatest common divisor of 100 and 120?
20
What is the greatest common divisor of 14 and 4473?
7
What is the greatest common divisor of 140 and 350?
70
Calculate the greatest common divisor of 46 and 16882.
46
Calculate the highest common factor of 2867 and 61.
61
Calculate the greatest common divisor of 396 and 1908.
36
Calculate the highest common factor of 18 and 459.
9
Calculate the greatest common divisor of 46 and 4646.
46
Calculate the greatest common divisor of 57 and 228.
57
What is the greatest common factor of 100 and 172?
4
What is the greatest common divisor of 1118 and 2494?
86
What is the greatest common factor of 30 and 66?
6
What is the highest common divisor of 1824 and 192?
96
What is the greatest common factor of 3937 and 93?
31
Calculate the greatest common factor of 35 and 10885.
35
Calculate the greatest common factor of 60 and 1020.
60
What is the highest common divisor of 24 and 492?
12
Calculate the highest common factor of 27 and 153.
9
Calculate the highest common divisor of 189 and 7.
7
Calculate the highest common divisor of 308 and 836.
44
What is the greatest common divisor of 21088 and 16?
16
Calculate the greatest common factor of 1144 and 3848.
104
Calculate the greatest common factor of 418 and 342.
38
What is the greatest common factor of 268 and 201?
67
Calculate the highest common divisor of 1102 and 29.
29
Calculate the highest common divisor of 7847 and 133.
133
Calculate the greatest common divisor of 15 and 867.
3
Calculate the highest common factor of 671 and 61.
61
Calculate the greatest common divisor of 16 and 1152.
16
What is the greatest common divisor of 119 and 3213?
119
What is the greatest common divisor of 28 and 252?
28
Calculate the greatest common divisor of 1352 and 8.
8
What is the greatest common divisor of 8547 and 11?
11
What is the